 of q.
7
Suppose 2*g + 4*u - 780 = 0, -8*g + u - 386 = -9*g. List the prime factors of g.
2, 191
Let k be (4/(-2))/2*2. What are the prime factors of -7*7*(-3 - k)?
7
Let a(x) be the second derivative of -29*x**3/3 - 9*x**2/2 + 14*x. What are the prime factors of a(-2)?
107
Let n(s) = -87*s**3 + 6*s**2 + 43*s + 5. List the prime factors of n(-4).
23, 239
Let c(w) be the first derivative of w**4/4 + 14*w**3/3 - w**2/2 + 33*w - 8. What are the prime factors of c(-14)?
47
Let a = 1347 + -776. What are the prime factors of a?
571
Let m(v) = -736*v - 34. What are the prime factors of m(-1)?
2, 3, 13
Let q be 3/(-6) - (-25)/2. Suppose 0 = -2*o - o + q. Suppose -5*y - 2*v = -194, -3*v = -o*v + 2. What are the prime factors of y?
2, 19
Suppose 0*x + 4*x + c - 49 = 0, -2*x = 2*c - 20. Let l(g) = -2*g - 12*g + x*g. What are the prime factors of l(-7)?
7
Suppose 0*m - 225 = -m. Suppose 15*d + m = 20*d. List the prime factors of d.
3, 5
Let r be (2 - 3 - -20)*1. Let c = -10 + r. Suppose -3*m + c = 3. List the prime factors of m.
2
Let j = -41 - -17. Let w be (-6)/j + 2/(-8). Suppose t = -w*t + 2. What are the prime factors of t?
2
Suppose -5*c + 3*t + 2105 - 813 = 0, -5*c - 2*t = -1297. Suppose -4*w = -2*p - 2*w + 538, -p + 3*w + c = 0. What are the prime factors of p/5 + 7/35?
5, 11
List the prime factors of 157*16 + (-24 - -19).
23, 109
Let n = -6 - 0. Let q(z) = 2 + 9*z + 2*z**2 + 0*z + 0. List the prime factors of q(n).
2, 5
Let l = -97 + 272. Let r = -103 + l. What are the prime factors of r?
2, 3
Let g(n) = -n**2 - 5*n + 3. Let r be g(-4). Let j = 7 + r. What are the prime factors of j?
2, 7
Let c(p) = p**3 - 10*p**2 + 7*p + 21. Let l be c(9). Suppose 285 = l*d + 3*k, 2*d + 355 = 6*d - k. What are the prime factors of d?
2, 3, 5
Suppose -4*i - 1 - 7 = 2*r, -2*i = -2*r + 10. Suppose -p - 5*h = 27 - 0, -r*h = 3*p + 16. What are the prime factors of 5 + (p + 2 - 1)?
2
Let v(n) = -n**3 - n - 29. Let p be v(0). Let r(d) = -d**2 - 35*d - 5. What are the prime factors of r(p)?
13
Let q = -8 - -36. Suppose 14*g - 15*g = -1. List the prime factors of -1*(-1)/(g/q).
2, 7
Suppose 2*q - 2*q - 9*q = 0. Suppose n - 28 - 84 = q. List the prime factors of n.
2, 7
Suppose -8 + 1 = n - 4*w, -4*n = 2*w - 44. Let f(g) = n*g - 2 - 2 - 5*g + 4*g**2. What are the prime factors of f(2)?
2, 5
Suppose -4*w + 8*w = -624. Let b = w - -263. List the prime factors of b.
107
What are the prime factors of 0 - 18/9 - (-3560 + -2)?
2, 5, 89
Let w(r) = -7*r**2 - 8. Let b(n) = 6*n**2 + n + 9. Let f(g) = 6*b(g) + 5*w(g). List the prime factors of f(-13).
3, 5, 7
Suppose -4*f - f = -3*p - 7987, -3*p + 3*f - 7989 = 0. What are the prime factors of ((-4)/(-12))/((-6)/p)?
2, 37
Suppose 0 = -2*x + x + 5. Suppose -u = -5*n + 13, 2*u - 5*n + 11 = -0*n. Suppose -u*q - x = -3*q. What are the prime factors of q?
5
Let f be 72/27*(-66)/(-8). Suppose -f = 2*j - 158. What are the prime factors of j?
2, 17
Let f(i) = -2*i**3 - 5*i**2 + 60. List the prime factors of f(-8).
2, 191
Let p(f) = f + 6. Let y be 5*2/(4 + -2). Let t = y - -2. List the prime factors of p(t).
13
Suppose 0 = -a - 3*w + 406, -4*a + 3*w = -14 - 1565. List the prime factors of a.
397
List the prime factors of ((-16)/12 - 3)*(-77 + 2).
5, 13
Let m be (-24)/18*(-3)/(-1). Let h(p) = -10*p - 7. What are the prime factors of h(m)?
3, 11
Let r(z) = 2*z**3 + 23*z**2 + 2*z + 6. What are the prime factors of r(-11)?
3, 5, 7
List the prime factors of (2*(-60)/(-32))/((-6)/(-368)).
2, 5, 23
Let k be (-20)/(-16) + 3/4. Let z = k + -1. Let b(o) = 16*o**3 - o**2 + o - 1. List the prime factors of b(z).
3, 5
Suppose 2*u = 10, -x = 2*u - 240 - 110. List the prime factors of x.
2, 5, 17
Let r = 13 + -11. List the prime factors of r/4*(0 - -66).
3, 11
Suppose 0*f - 4*f + 592 = 0. Suppose -3*w + f = 4*b, 7*b - 148 = 3*b + 3*w. What are the prime factors of b?
37
Suppose 0 = -91*g + 81*g + 8880. List the prime factors of g.
2, 3, 37
What are the prime factors of 24/(-10)*20/(-8)?
2, 3
Let j be (-6)/(-15) - (-798)/30. Let h(g) = -2*g**2 + g - 6. Let w be h(5). Let r = j - w. What are the prime factors of r?
2, 3, 13
Suppose 22 = 7*z - 20. Suppose 0 = -2*y + 180 + 60. Suppose -f = -z*f + y. List the prime factors of f.
2, 3
Let m(p) = p + 4. Let w be m(-2). Suppose 3*o + y = w, -4*o - 4*y = -7*y - 7. Suppose 2*k + o - 3 = 2*f, f + 2*k - 8 = 0. List the prime factors of f.
2
Let s be (-1160)/(-32) + (-1)/4. Let y(t) = t + 7. Let n be y(-5). Suppose n*h = 5*h - s. What are the prime factors of h?
2, 3
Let w(n) = n**3 - 36*n**2 + 22*n - 38. List the prime factors of w(36).
2, 13, 29
Suppose 2*i - 4*b - 2982 = 0, -b = -3*i + 2428 + 2045. What are the prime factors of i?
3, 7, 71
Let o(t) = -t - 10. Let b be o(-13). List the prime factors of (68/(-12))/(b/(-18)).
2, 17
Suppose 5*i - w - 4233 = 0, -2*i + 1690 = -0*w - 2*w. What are the prime factors of i?
7, 11
What are the prime factors of 4 - ((-360 - 3) + -2 + -2)?
7, 53
Suppose -3 = 3*h, 5*a = -h + 3*h + 2. Suppose a*m - l - 762 = -5*m, 5*l + 750 = 5*m. List the prime factors of m.
3, 17
Let u = -6 - 19. Let i = -5 - u. What are the prime factors of i?
2, 5
Suppose 4 = 3*p - 5*p. Let u(r) = 2*r**2 + 2*r + 1. Let z be u(p). Suppose -n + 21 = o, o - 70 = -o + z*n. List the prime factors of o.
5
Let y(r) = 2*r + 18. Let f be y(-8). Let k(z) = 4*z**3 - z + 4. List the prime factors of k(f).
2, 17
Let p be (-1)/(-4 - -5) + (0 - -7). Let w(h) = 3*h + 7*h + 8 - 5*h. What are the prime factors of w(p)?
2, 19
Suppose 3*w = -3*t + 480, -4*t + 3*t - 160 = -w. Suppose 19*j = 23*j - w. What are the prime factors of j?
2, 5
Let k(f) = -560*f**3 + 5*f**2 + 5*f + 2. What are the prime factors of k(-1)?
2, 281
Let r(b) be the second derivative of -1/6*b**3 + 1/12*b**4 + 0 - 6*b - 4*b**2. List the prime factors of r(6).
2, 11
Let n(x) = 21*x**3 - 16*x**2 - 8*x + 24. List the prime factors of n(5).
47
Let u be (-150)/(-20) - 1/(-2). Suppose -s = u - 12. What are the prime factors of s?
2
What are the prime factors of 8/(-22) - (-147747)/561?
263
Let h(z) = -1234*z + 41. What are the prime factors of h(-1)?
3, 5, 17
Let n(u) be the third derivative of u**5/60 + u**4/12 - 11*u**3/6 - 16*u**2. What are the prime factors of n(-7)?
2, 3
Let k = 40 - 25. Let a be (5/(-15))/(1/k). List the prime factors of 4 + 3 + a - -20.
2, 11
Suppose 0 = -3*y + y - 10. Let v = y - -28. Suppose -c + 46 = 2*r, r + 0*c - v = -2*c. What are the prime factors of r?
23
Suppose -16 = -v + 5*v. Let u(z) = -z**3 + z**2 - 5*z - 6. List the prime factors of u(v).
2, 47
Let j(z) = 19*z**2 + 6*z - 8. Let y be j(-4). Let k = y + -183. List the prime factors of k.
89
Let o = -18 + 23. Suppose 0 = 3*n - 46 - o. What are the prime factors of n?
17
Let h(p) = 2*p**2 - 7*p - 15. Let j(d) = -d + 13. Let u be j(6). Let a be h(u). List the prime factors of ((-116)/(-3))/(a/51).
2, 29
Let t = -144 - -284. Let p = t + -113. List the prime factors of p.
3
Suppose 0 = h + 3*h. Suppose h = -5*p + 262 + 143. List the prime factors of p.
3
Suppose -5309 + 995 = -3*p + 3*t, 5*p = 4*t + 7192. Suppose -2*z = 6*z - p. What are the prime factors of z?
2, 3, 5
Suppose 47*n - 7272 = 39*n. What are the prime factors of n?
3, 101
Let z(p) = p**3 - 7*p**2 + 12*p. Let f(m) = 4*m - 31. Let q be f(9). List the prime factors of z(q).
2, 5
What are the prime factors of -5 - (-3438)/12 - 2/(-4)?
2, 3, 47
Suppose 4*w + 0*w = -3*x + 4019, w - 1009 = -5*x. What are the prime factors of w?
2, 251
Suppose -5*p = -9*p + 160. Let m = 66 - p. Suppose -8*y - m = -9*y. List the prime factors of y.
2, 13
What are the prime factors of 19/(171/81) - -5986?
5, 11, 109
Let b(i) be the second derivative of i**5/20 - i**3/3 + 35*i**2/2 + 15*i. List the prime factors of b(0).
5, 7
Let x(i) = -i**3 + 15*i**2 + 5*i - 3. Let l = -24 - -4. Let s be (-292)/l + 4/10. What are the prime factors of x(s)?
2, 3
Let d(z) = -2*z**2 + 6*z - 14. Let v be d(5). Let c = 2 - v. What are the prime factors of c?
2, 3
List the prime factors of 1215/30*6/1.
3
Let c = 9324 + -4816. List the prime factors of c.
2, 7, 23
Let m(g) = g**2 - 6*g - 2. Let i(x) = -x - 3. Let b be i(3). Let o = b + 13. List the prime factors of m(o).
5
Let x = 1245 - 1845. What are the prime factors of (x/(-35))/((-39)/21 + 2)?
2, 3, 5
Suppose 3